{"id":29215,"date":"2016-06-17T00:00:00","date_gmt":"2016-06-17T05:00:00","guid":{"rendered":"https:\/\/www.olade.org\/?post_type=publicaciones&#038;p=29215"},"modified":"2025-06-11T14:52:50","modified_gmt":"2025-06-11T19:52:50","slug":"cambia-la-energia-cambia-el-clima","status":"publish","type":"publicaciones","link":"https:\/\/www.olade.org\/en\/publicaciones\/cambia-la-energia-cambia-el-clima\/","title":{"rendered":"Cambia la energ\u00eda, cambia el clima."},"content":{"rendered":"<p>2016. How is the relationship between energy and climate change? This publication provides brief information on energy and regional emissions, projections of demand, supply and emissions impacts of climate change on the energy sector in infrastructure, distribution and transmission. It also provides strategies and tools to help decarbonise the economy.<\/p>\n","protected":false},"excerpt":{"rendered":"<p>2016. How is the relationship between energy and climate change? This publication provides brief information on energy and regional emissions, projections of demand, supply and emissions impacts of climate change on the energy sector in infrastructure, distribution and transmission. It also provides strategies and tools to help decarbonise the economy.<\/p>\n","protected":false},"author":3,"featured_media":21779,"menu_order":0,"template":"","format":"standard","meta":{"_acf_changed":false},"categories":[122],"tags":[],"class_list":["post-29215","publicaciones","type-publicaciones","status-publish","format-standard","has-post-thumbnail","hentry","category-institutional-publications"],"acf":[],"yoast_head":"<!-- This site is optimized with the Yoast SEO Premium plugin v23.0 (Yoast SEO v23.1) - https:\/\/yoast.com\/wordpress\/plugins\/seo\/ -->\n<title>Cambia la energ\u00eda, cambia el clima. - OLACDE<\/title>\n<meta name=\"robots\" content=\"index, follow, max-snippet:-1, max-image-preview:large, max-video-preview:-1\" \/>\n<link rel=\"canonical\" href=\"https:\/\/www.olade.org\/en\/publicaciones\/cambia-la-energia-cambia-el-clima\/\" \/>\n<meta property=\"og:locale\" content=\"en_US\" \/>\n<meta property=\"og:type\" content=\"article\" \/>\n<meta property=\"og:title\" content=\"Cambia la energ\u00eda, cambia el clima.\" \/>\n<meta property=\"og:description\" content=\"2016. How is the relationship between energy and climate change? This publication provides brief information on energy and regional emissions, projections of demand, supply and emissions impacts of climate change on the energy sector in infrastructure, distribution and transmission. It also provides strategies and tools to help decarbonise the economy.\" \/>\n<meta property=\"og:url\" content=\"https:\/\/www.olade.org\/en\/publicaciones\/cambia-la-energia-cambia-el-clima\/\" \/>\n<meta property=\"og:site_name\" content=\"OLACDE\" \/>\n<meta property=\"article:publisher\" content=\"https:\/\/www.facebook.com\/OLADEORG\" \/>\n<meta property=\"article:modified_time\" content=\"2025-06-11T19:52:50+00:00\" \/>\n<meta property=\"og:image\" content=\"http:\/\/www.olade.org\/wp-content\/uploads\/2016\/06\/cambia-energia_cambia-clima.jpg\" \/>\n\t<meta property=\"og:image:width\" content=\"1024\" \/>\n\t<meta property=\"og:image:height\" content=\"511\" \/>\n\t<meta property=\"og:image:type\" content=\"image\/jpeg\" \/>\n<meta name=\"twitter:card\" content=\"summary_large_image\" \/>\n<meta name=\"twitter:site\" content=\"@OLADEORG\" \/>\n<meta name=\"twitter:label1\" content=\"Est. reading time\" \/>\n\t<meta name=\"twitter:data1\" content=\"1 minute\" \/>\n<script type=\"application\/ld+json\" class=\"yoast-schema-graph\">{\"@context\":\"https:\/\/schema.org\",\"@graph\":[{\"@type\":\"WebPage\",\"@id\":\"https:\/\/www.olade.org\/en\/publicaciones\/cambia-la-energia-cambia-el-clima\/\",\"url\":\"https:\/\/www.olade.org\/en\/publicaciones\/cambia-la-energia-cambia-el-clima\/\",\"name\":\"Cambia la energ\u00eda, cambia el clima. - OLACDE\",\"isPartOf\":{\"@id\":\"https:\/\/www.olade.org\/en\/#website\"},\"primaryImageOfPage\":{\"@id\":\"https:\/\/www.olade.org\/en\/publicaciones\/cambia-la-energia-cambia-el-clima\/#primaryimage\"},\"image\":{\"@id\":\"https:\/\/www.olade.org\/en\/publicaciones\/cambia-la-energia-cambia-el-clima\/#primaryimage\"},\"thumbnailUrl\":\"https:\/\/www.olade.org\/wp-content\/uploads\/2016\/06\/cambia-energia_cambia-clima.jpg\",\"datePublished\":\"2016-06-17T05:00:00+00:00\",\"dateModified\":\"2025-06-11T19:52:50+00:00\",\"breadcrumb\":{\"@id\":\"https:\/\/www.olade.org\/en\/publicaciones\/cambia-la-energia-cambia-el-clima\/#breadcrumb\"},\"inLanguage\":\"en-US\",\"potentialAction\":[{\"@type\":\"ReadAction\",\"target\":[\"https:\/\/www.olade.org\/en\/publicaciones\/cambia-la-energia-cambia-el-clima\/\"]}]},{\"@type\":\"ImageObject\",\"inLanguage\":\"en-US\",\"@id\":\"https:\/\/www.olade.org\/en\/publicaciones\/cambia-la-energia-cambia-el-clima\/#primaryimage\",\"url\":\"https:\/\/www.olade.org\/wp-content\/uploads\/2016\/06\/cambia-energia_cambia-clima.jpg\",\"contentUrl\":\"https:\/\/www.olade.org\/wp-content\/uploads\/2016\/06\/cambia-energia_cambia-clima.jpg\",\"width\":1024,\"height\":511},{\"@type\":\"BreadcrumbList\",\"@id\":\"https:\/\/www.olade.org\/en\/publicaciones\/cambia-la-energia-cambia-el-clima\/#breadcrumb\",\"itemListElement\":[{\"@type\":\"ListItem\",\"position\":1,\"name\":\"Home\",\"item\":\"https:\/\/www.olade.org\/en\/\"},{\"@type\":\"ListItem\",\"position\":2,\"name\":\"Publicaciones\",\"item\":\"https:\/\/www.olade.org\/en\/publicaciones\/\"},{\"@type\":\"ListItem\",\"position\":3,\"name\":\"Cambia la energ\u00eda, cambia el clima.\"}]},{\"@type\":\"WebSite\",\"@id\":\"https:\/\/www.olade.org\/en\/#website\",\"url\":\"https:\/\/www.olade.org\/en\/\",\"name\":\"OLADE\",\"description\":\"La Organizaci\u00f3n Latinoamericana y Caribe\u00f1a de Energ\u00eda\",\"publisher\":{\"@id\":\"https:\/\/www.olade.org\/en\/#organization\"},\"potentialAction\":[{\"@type\":\"SearchAction\",\"target\":{\"@type\":\"EntryPoint\",\"urlTemplate\":\"https:\/\/www.olade.org\/en\/?s={search_term_string}\"},\"query-input\":\"required name=search_term_string\"}],\"inLanguage\":\"en-US\"},{\"@type\":\"Organization\",\"@id\":\"https:\/\/www.olade.org\/en\/#organization\",\"name\":\"OLADE\",\"url\":\"https:\/\/www.olade.org\/en\/\",\"logo\":{\"@type\":\"ImageObject\",\"inLanguage\":\"en-US\",\"@id\":\"https:\/\/www.olade.org\/en\/#\/schema\/logo\/image\/\",\"url\":\"https:\/\/www.olade.org\/wp-content\/uploads\/2024\/03\/Logo-OLADE-WEB_Color.png\",\"contentUrl\":\"https:\/\/www.olade.org\/wp-content\/uploads\/2024\/03\/Logo-OLADE-WEB_Color.png\",\"width\":300,\"height\":132,\"caption\":\"OLADE\"},\"image\":{\"@id\":\"https:\/\/www.olade.org\/en\/#\/schema\/logo\/image\/\"},\"sameAs\":[\"https:\/\/www.facebook.com\/OLADEORG\",\"https:\/\/x.com\/OLADEORG\",\"https:\/\/www.youtube.com\/user\/oladeorg\",\"https:\/\/www.instagram.com\/oladealc\/\",\"https:\/\/www.linkedin.com\/company\/olade\/\"],\"description\":\"La Organizaci\u00f3n Latinoamericana de Energ\u00eda (OLADE) es un organismo de cooperaci\u00f3n, coordinaci\u00f3n y asesor\u00eda t\u00e9cnica, de car\u00e1cter p\u00fablico intergubernamental, constituido el 2 de noviembre de 1973 mediante la suscripci\u00f3n del Convenio de Lima, ratificado por 27 pa\u00edses de Am\u00e9rica Latina y El Caribe, con el objetivo fundamental de fomentar la integraci\u00f3n, conservaci\u00f3n, racional aprovechamiento, comercializaci\u00f3n y defensa de los recursos energ\u00e9ticos de la Regi\u00f3n.\",\"email\":\"info@olade.org\",\"telephone\":\"+59322598122\",\"legalName\":\"Organizaci\u00f3n Latinoamericana de Energ\u00eda\",\"foundingDate\":\"1973-11-02\",\"numberOfEmployees\":{\"@type\":\"QuantitativeValue\",\"minValue\":\"51\",\"maxValue\":\"200\"}}]}<\/script>\n<!-- \/ Yoast SEO Premium plugin. -->","yoast_head_json":{"title":"Cambia la energ\u00eda, cambia el clima. - OLACDE","robots":{"index":"index","follow":"follow","max-snippet":"max-snippet:-1","max-image-preview":"max-image-preview:large","max-video-preview":"max-video-preview:-1"},"canonical":"https:\/\/www.olade.org\/en\/publicaciones\/cambia-la-energia-cambia-el-clima\/","og_locale":"en_US","og_type":"article","og_title":"Cambia la energ\u00eda, cambia el clima.","og_description":"2016. How is the relationship between energy and climate change? This publication provides brief information on energy and regional emissions, projections of demand, supply and emissions impacts of climate change on the energy sector in infrastructure, distribution and transmission. It also provides strategies and tools to help decarbonise the economy.","og_url":"https:\/\/www.olade.org\/en\/publicaciones\/cambia-la-energia-cambia-el-clima\/","og_site_name":"OLACDE","article_publisher":"https:\/\/www.facebook.com\/OLADEORG","article_modified_time":"2025-06-11T19:52:50+00:00","og_image":[{"width":1024,"height":511,"url":"http:\/\/www.olade.org\/wp-content\/uploads\/2016\/06\/cambia-energia_cambia-clima.jpg","type":"image\/jpeg"}],"twitter_card":"summary_large_image","twitter_site":"@OLADEORG","twitter_misc":{"Est. reading time":"1 minute"},"schema":{"@context":"https:\/\/schema.org","@graph":[{"@type":"WebPage","@id":"https:\/\/www.olade.org\/en\/publicaciones\/cambia-la-energia-cambia-el-clima\/","url":"https:\/\/www.olade.org\/en\/publicaciones\/cambia-la-energia-cambia-el-clima\/","name":"Cambia la energ\u00eda, cambia el clima. - OLACDE","isPartOf":{"@id":"https:\/\/www.olade.org\/en\/#website"},"primaryImageOfPage":{"@id":"https:\/\/www.olade.org\/en\/publicaciones\/cambia-la-energia-cambia-el-clima\/#primaryimage"},"image":{"@id":"https:\/\/www.olade.org\/en\/publicaciones\/cambia-la-energia-cambia-el-clima\/#primaryimage"},"thumbnailUrl":"https:\/\/www.olade.org\/wp-content\/uploads\/2016\/06\/cambia-energia_cambia-clima.jpg","datePublished":"2016-06-17T05:00:00+00:00","dateModified":"2025-06-11T19:52:50+00:00","breadcrumb":{"@id":"https:\/\/www.olade.org\/en\/publicaciones\/cambia-la-energia-cambia-el-clima\/#breadcrumb"},"inLanguage":"en-US","potentialAction":[{"@type":"ReadAction","target":["https:\/\/www.olade.org\/en\/publicaciones\/cambia-la-energia-cambia-el-clima\/"]}]},{"@type":"ImageObject","inLanguage":"en-US","@id":"https:\/\/www.olade.org\/en\/publicaciones\/cambia-la-energia-cambia-el-clima\/#primaryimage","url":"https:\/\/www.olade.org\/wp-content\/uploads\/2016\/06\/cambia-energia_cambia-clima.jpg","contentUrl":"https:\/\/www.olade.org\/wp-content\/uploads\/2016\/06\/cambia-energia_cambia-clima.jpg","width":1024,"height":511},{"@type":"BreadcrumbList","@id":"https:\/\/www.olade.org\/en\/publicaciones\/cambia-la-energia-cambia-el-clima\/#breadcrumb","itemListElement":[{"@type":"ListItem","position":1,"name":"Home","item":"https:\/\/www.olade.org\/en\/"},{"@type":"ListItem","position":2,"name":"Publicaciones","item":"https:\/\/www.olade.org\/en\/publicaciones\/"},{"@type":"ListItem","position":3,"name":"Cambia la energ\u00eda, cambia el clima."}]},{"@type":"WebSite","@id":"https:\/\/www.olade.org\/en\/#website","url":"https:\/\/www.olade.org\/en\/","name":"OLADE","description":"La Organizaci\u00f3n Latinoamericana y Caribe\u00f1a de Energ\u00eda","publisher":{"@id":"https:\/\/www.olade.org\/en\/#organization"},"potentialAction":[{"@type":"SearchAction","target":{"@type":"EntryPoint","urlTemplate":"https:\/\/www.olade.org\/en\/?s={search_term_string}"},"query-input":"required name=search_term_string"}],"inLanguage":"en-US"},{"@type":"Organization","@id":"https:\/\/www.olade.org\/en\/#organization","name":"OLADE","url":"https:\/\/www.olade.org\/en\/","logo":{"@type":"ImageObject","inLanguage":"en-US","@id":"https:\/\/www.olade.org\/en\/#\/schema\/logo\/image\/","url":"https:\/\/www.olade.org\/wp-content\/uploads\/2024\/03\/Logo-OLADE-WEB_Color.png","contentUrl":"https:\/\/www.olade.org\/wp-content\/uploads\/2024\/03\/Logo-OLADE-WEB_Color.png","width":300,"height":132,"caption":"OLADE"},"image":{"@id":"https:\/\/www.olade.org\/en\/#\/schema\/logo\/image\/"},"sameAs":["https:\/\/www.facebook.com\/OLADEORG","https:\/\/x.com\/OLADEORG","https:\/\/www.youtube.com\/user\/oladeorg","https:\/\/www.instagram.com\/oladealc\/","https:\/\/www.linkedin.com\/company\/olade\/"],"description":"La Organizaci\u00f3n Latinoamericana de Energ\u00eda (OLADE) es un organismo de cooperaci\u00f3n, coordinaci\u00f3n y asesor\u00eda t\u00e9cnica, de car\u00e1cter p\u00fablico intergubernamental, constituido el 2 de noviembre de 1973 mediante la suscripci\u00f3n del Convenio de Lima, ratificado por 27 pa\u00edses de Am\u00e9rica Latina y El Caribe, con el objetivo fundamental de fomentar la integraci\u00f3n, conservaci\u00f3n, racional aprovechamiento, comercializaci\u00f3n y defensa de los recursos energ\u00e9ticos de la Regi\u00f3n.","email":"info@olade.org","telephone":"+59322598122","legalName":"Organizaci\u00f3n Latinoamericana de Energ\u00eda","foundingDate":"1973-11-02","numberOfEmployees":{"@type":"QuantitativeValue","minValue":"51","maxValue":"200"}}]}},"_links":{"self":[{"href":"https:\/\/www.olade.org\/en\/wp-json\/wp\/v2\/publicaciones\/29215"}],"collection":[{"href":"https:\/\/www.olade.org\/en\/wp-json\/wp\/v2\/publicaciones"}],"about":[{"href":"https:\/\/www.olade.org\/en\/wp-json\/wp\/v2\/types\/publicaciones"}],"author":[{"embeddable":true,"href":"https:\/\/www.olade.org\/en\/wp-json\/wp\/v2\/users\/3"}],"wp:featuredmedia":[{"embeddable":true,"href":"https:\/\/www.olade.org\/en\/wp-json\/wp\/v2\/media\/21779"}],"wp:attachment":[{"href":"https:\/\/www.olade.org\/en\/wp-json\/wp\/v2\/media?parent=29215"}],"wp:term":[{"taxonomy":"category","embeddable":true,"href":"https:\/\/www.olade.org\/en\/wp-json\/wp\/v2\/categories?post=29215"},{"taxonomy":"post_tag","embeddable":true,"href":"https:\/\/www.olade.org\/en\/wp-json\/wp\/v2\/tags?post=29215"}],"curies":[{"name":"wp","href":"https:\/\/api.w.org\/{rel}","templated":true}]}}

Cambia la energía, cambia el clima.

<!-- This site is optimized with the Yoast SEO Premium plugin v23.0 (Yoast SEO v23.1) - https://yoast.com/wordpress/plugins/seo/ -->
<title>Cambia la energía, cambia el clima. - OLACDE</title>
<meta name="robots" content="index, follow, max-snippet:-1, max-image-preview:large, max-video-preview:-1" />
<link rel="canonical" href="https://www.olade.org/en/publicaciones/cambia-la-energia-cambia-el-clima/" />
<meta property="og:locale" content="en_US" />
<meta property="og:type" content="article" />
<meta property="og:title" content="Cambia la energía, cambia el clima." />
<meta property="og:description" content="2016. How is the relationship between energy and climate change? This publication provides brief information on energy and regional emissions, projections of demand, supply and emissions impacts of climate change on the energy sector in infrastructure, distribution and transmission. It also provides strategies and tools to help decarbonise the economy." />
<meta property="og:url" content="https://www.olade.org/en/publicaciones/cambia-la-energia-cambia-el-clima/" />
<meta property="og:site_name" content="OLACDE" />
<meta property="article:publisher" content="https://www.facebook.com/OLADEORG" />
<meta property="article:modified_time" content="2025-06-11T19:52:50+00:00" />
<meta property="og:image" content="http://www.olade.org/wp-content/uploads/2016/06/cambia-energia_cambia-clima.jpg" />
	<meta property="og:image:width" content="1024" />
	<meta property="og:image:height" content="511" />
	<meta property="og:image:type" content="image/jpeg" />
<meta name="twitter:card" content="summary_large_image" />
<meta name="twitter:site" content="@OLADEORG" />
<meta name="twitter:label1" content="Est. reading time" />
	<meta name="twitter:data1" content="1 minute" />
<script type="application/ld+json" class="yoast-schema-graph">{"@context":"https://schema.org","@graph":[{"@type":"WebPage","@id":"https://www.olade.org/en/publicaciones/cambia-la-energia-cambia-el-clima/","url":"https://www.olade.org/en/publicaciones/cambia-la-energia-cambia-el-clima/","name":"Cambia la energía, cambia el clima. - OLACDE","isPartOf":{"@id":"https://www.olade.org/en/#website"},"primaryImageOfPage":{"@id":"https://www.olade.org/en/publicaciones/cambia-la-energia-cambia-el-clima/#primaryimage"},"image":{"@id":"https://www.olade.org/en/publicaciones/cambia-la-energia-cambia-el-clima/#primaryimage"},"thumbnailUrl":"https://www.olade.org/wp-content/uploads/2016/06/cambia-energia_cambia-clima.jpg","datePublished":"2016-06-17T05:00:00+00:00","dateModified":"2025-06-11T19:52:50+00:00","breadcrumb":{"@id":"https://www.olade.org/en/publicaciones/cambia-la-energia-cambia-el-clima/#breadcrumb"},"inLanguage":"en-US","potentialAction":[{"@type":"ReadAction","target":["https://www.olade.org/en/publicaciones/cambia-la-energia-cambia-el-clima/"]}]},{"@type":"ImageObject","inLanguage":"en-US","@id":"https://www.olade.org/en/publicaciones/cambia-la-energia-cambia-el-clima/#primaryimage","url":"https://www.olade.org/wp-content/uploads/2016/06/cambia-energia_cambia-clima.jpg","contentUrl":"https://www.olade.org/wp-content/uploads/2016/06/cambia-energia_cambia-clima.jpg","width":1024,"height":511},{"@type":"BreadcrumbList","@id":"https://www.olade.org/en/publicaciones/cambia-la-energia-cambia-el-clima/#breadcrumb","itemListElement":[{"@type":"ListItem","position":1,"name":"Home","item":"https://www.olade.org/en/"},{"@type":"ListItem","position":2,"name":"Publicaciones","item":"https://www.olade.org/en/publicaciones/"},{"@type":"ListItem","position":3,"name":"Cambia la energía, cambia el clima."}]},{"@type":"WebSite","@id":"https://www.olade.org/en/#website","url":"https://www.olade.org/en/","name":"OLADE","description":"La Organización Latinoamericana y Caribeña de Energía","publisher":{"@id":"https://www.olade.org/en/#organization"},"potentialAction":[{"@type":"SearchAction","target":{"@type":"EntryPoint","urlTemplate":"https://www.olade.org/en/?s={search_term_string}"},"query-input":"required name=search_term_string"}],"inLanguage":"en-US"},{"@type":"Organization","@id":"https://www.olade.org/en/#organization","name":"OLADE","url":"https://www.olade.org/en/","logo":{"@type":"ImageObject","inLanguage":"en-US","@id":"https://www.olade.org/en/#/schema/logo/image/","url":"https://www.olade.org/wp-content/uploads/2024/03/Logo-OLADE-WEB_Color.png","contentUrl":"https://www.olade.org/wp-content/uploads/2024/03/Logo-OLADE-WEB_Color.png","width":300,"height":132,"caption":"OLADE"},"image":{"@id":"https://www.olade.org/en/#/schema/logo/image/"},"sameAs":["https://www.facebook.com/OLADEORG","https://x.com/OLADEORG","https://www.youtube.com/user/oladeorg","https://www.instagram.com/oladealc/","https://www.linkedin.com/company/olade/"],"description":"La Organización Latinoamericana de Energía (OLADE) es un organismo de cooperación, coordinación y asesoría técnica, de carácter público intergubernamental, constituido el 2 de noviembre de 1973 mediante la suscripción del Convenio de Lima, ratificado por 27 países de América Latina y El Caribe, con el objetivo fundamental de fomentar la integración, conservación, racional aprovechamiento, comercialización y defensa de los recursos energéticos de la Región.","email":"info@olade.org","telephone":"+59322598122","legalName":"Organización Latinoamericana de Energía","foundingDate":"1973-11-02","numberOfEmployees":{"@type":"QuantitativeValue","minValue":"51","maxValue":"200"}}]}</script>
<!-- / Yoast SEO Premium plugin. -->

Cambia la energía, cambia el clima. - OLACDE

La Organización Latinoamericana y Caribeña de Energía

La Organización Latinoamericana de Energía (OLADE) es un organismo de cooperación, coordinación y asesoría técnica, de carácter público intergubernamental, constituido el 2 de noviembre de 1973 mediante la suscripción del Convenio de Lima, ratificado por 27 países de América Latina y El Caribe, con el objetivo fundamental de fomentar la integración, conservación, racional aprovechamiento, comercialización y defensa de los recursos energéticos de la Región.

Organización Latinoamericana de Energía
